 by 43.
42
What is the remainder when 61 is divided by 17?
10
What is the remainder when 103 is divided by 28?
19
What is the remainder when 305 is divided by 14?
11
What is the remainder when 58 is divided by 15?
13
What is the remainder when 504 is divided by 46?
44
Calculate the remainder when 75 is divided by 51.
24
What is the remainder when 43 is divided by 13?
4
Calculate the remainder when 2219 is divided by 36.
23
What is the remainder when 563 is divided by 78?
17
Calculate the remainder when 232 is divided by 34.
28
What is the remainder when 1798 is divided by 34?
30
What is the remainder when 2605 is divided by 428?
37
What is the remainder when 2009 is divided by 463?
157
What is the remainder when 814 is divided by 1?
0
Calculate the remainder when 550 is divided by 46.
44
Calculate the remainder when 650 is divided by 184.
98
What is the remainder when 81 is divided by 13?
3
What is the remainder when 413 is divided by 23?
22
What is the remainder when 340 is divided by 87?
79
Calculate the remainder when 349 is divided by 32.
29
What is the remainder when 22279 is divided by 26?
23
Calculate the remainder when 90 is divided by 7.
6
What is the remainder when 238 is divided by 15?
13
What is the remainder when 643 is divided by 42?
13
What is the remainder when 26 is divided by 10?
6
Calculate the remainder when 1649 is divided by 421.
386
What is the remainder when 3810 is divided by 109?
104
Calculate the remainder when 538 is divided by 135.
133
What is the remainder when 155 is divided by 52?
51
What is the remainder when 1530 is divided by 17?
0
Calculate the remainder when 148 is divided by 41.
25
Calculate the remainder when 321 is divided by 65.
61
Calculate the remainder when 637 is divided by 29.
28
What is the remainder when 10578 is divided by 407?
403
Calculate the remainder when 58 is divided by 50.
8
What is the remainder when 316 is divided by 106?
104
Calculate the remainder when 100 is divided by 15.
10
Calculate the remainder when 68 is divided by 33.
2
What is the remainder when 115 is divided by 12?
7
Calculate the remainder when 95 is divided by 25.
20
Calculate the remainder when 374 is divided by 125.
124
Calculate the remainder when 76 is divided by 7.
6
Calculate the remainder when 30 is divided by 17.
13
What is the remainder when 2442 is divided by 101?
18
Calculate the remainder when 1327 is divided by 12.
7
Calculate the remainder when 3194 is divided by 1063.
5
What is the remainder when 1213 is divided by 27?
25
Calculate the remainder when 204 is divided by 33.
6
Calculate the remainder when 2131 is divided by 27.
25
Calculate the remainder when 1693 is divided by 14.
13
What is the remainder when 460 is divided by 16?
12
Calculate the remainder when 531 is divided by 525.
6
What is the remainder when 1229 is divided by 154?
151
Calculate the remainder when 1422 is divided by 25.
22
Calculate the remainder when 5773 is divided by 18.
13
Calculate the remainder when 133 is divided by 39.
16
Calculate the remainder when 99 is divided by 28.
15
What is the remainder when 2434 is divided by 6?
4
What is the remainder when 169 is divided by 43?
40
What is the remainder when 206 is divided by 57?
35
What is the remainder when 1243 is divided by 250?
243
What is the remainder when 254 is divided by 31?
6
What is the remainder when 351 is divided by 49?
8
What is the remainder when 59 is divided by 32?
27
Calculate the remainder when 1517 is divided by 258.
227
Calculate the remainder when 48 is divided by 46.
2
What is the remainder when 383 is divided by 107?
62
Calculate the remainder when 416 is divided by 106.
98
Calculate the remainder when 1449 is divided by 58.
57
Calculate the remainder when 90 is divided by 83.
7
Calculate the remainder when 1806 is divided by 8.
6
Calculate the remainder when 398 is divided by 20.
18
Calculate the remainder when 3359 is divided by 35.
34
What is the remainder when 76 is divided by 43?
33
What is the remainder when 22956 is divided by 40?
36
Calculate the remainder when 645 is divided by 311.
23
Calculate the remainder when 265 is divided by 4.
1
What is the remainder when 233 is divided by 39?
38
What is the remainder when 99 is divided by 23?
7
What is the remainder when 385 is divided by 128?
1
What is the remainder when 1859 is divided by 31?
30
What is the remainder when 283 is divided by 57?
55
Calculate the remainder when 1720 is divided by 31.
15
What is the remainder when 173 is divided by 86?
1
What is the remainder when 563 is divided by 236?
91
Calculate the remainder when 1036 is divided by 189.
91
What is the remainder when 468 is divided by 60?
48
What is the remainder when 227 is divided by 38?
37
Calculate the remainder when 278 is divided by 35.
33
What is the remainder when 2064 is divided by 39?
36
Calculate the remainder when 624 is divided by 49.
36
What is the remainder when 3169 is divided by 46?
41
What is the remainder when 653 is divided by 361?
292
What is the remainder when 476 is divided by 149?
29
What is the remainder when 175 is divided by 40?
15
What is the remainder when 164 is divided by 32?
4
What is the remainder when 111 is divided by 63?
48
What is the remainder when 335 is divided by 34?
29
Calculate the remainder when 342 is divided by 191.
151
What is the remainder when 200 is divided by 37?
15
What is the remainder when 94 is divided by 49?
45
Calculate the remainder when 2994 is divided by 11.
2
Calculate the remainder when 12 is divided by 10.
2
Calculate the remainder when 8703 is divided by 26.
19
Calculate the remainder when 149 is divided by 50.
49
Calculate the remainder when 611 is divided by 41.
37
Calculate the remainder when 1830 is divided by 17.
11
Calculate the remainder when 3792 is divided by 23.
20
What is the remainder when 1173 is divided by 24?
21
What is the remainder when 54 is divided by 32?
22
Calculate the remainder when 422 is divided by 75.
47
What is the remainder when 275 is divided by 56?
51
What is the remainder when 881 is divided by 26?
23
What is the remainder when 679 is divided by 88?
63
What is the remainder when 1835 is divided by 599?
38
Calculate the remainder when 675 is divided by 135.
0
Calculate the remainder when 1214 is divided by 38.
36
Calculate the remainder when 1704 is divided by 214.
206
Calculate the remainder when 605 is divided by 288.
29
Calculate the remainder when 10 is divided by 5.
0
Calculate the remainder when 678 is divided by 139.
122
What is the remainder when 176 is divided by 12?
8
Calculate the remainder when 1990 is divided by 329.
16
Calculate the remainder when 700 is divided by 468.
232
What is the remainder when 50 is divided by 31?
19
What is the remainder when 837 is divided by 211?
204
What is the remainder when 12338 is divided by 36?
26
Calculate the remainder when 308 is divided by 159.
149
Calculate the remainder when 387 is divided by 56.
51
Calculate the remainder when 186 is divided by 180.
6
What is the remainder when 499 is divided by 36?
31
What is the remainder when 132 is divided by 5?
2
Calculate the remainder when 39 is divided by 5.
4
What is the remainder when 158 is divided by 61?
36
Calculate the remainder when 7978 is divided by 101.
100
Calculate the remainder when 74 is divided by 14.
4
Calculate the remainder when 137 is divided by 14.
11
Calculate the remainder when 437 is divided by 27.
5
What is the remainder when 727 is divided by 17?
13
Calculate the remainder when 3891 is divided by 22.
19
What is the remainder when 297 is divided by 20?
17
Calculate the remainder when 105 is divided by 54.
51
What is the remainder when 420 is divided by 189?
42
What is the remainder when 944 is divided by 86?
84
Calculate the remainder when 413 is divided by 79.
18
Calculate the remainder when 27 is divided by 8.
3
What is the remainder when 789 is divided by 87?
6
Calculate the remainder when 555 is divided by 62.
59
What is the remainder when 3088 is divided by 38?
10
Calculate the remainder when 351 is divided by 90.
81
What is the remainder when 683 is divided by 76?
75
Calculate the remainder when 350 is divided by 23.
5
What is the remainder when 237 is divided by 96?
45
What is the remainder when 285 is divided by 72?
